{"id":118,"date":"2017-03-11T12:58:16","date_gmt":"2017-03-11T11:58:16","guid":{"rendered":"http:\/\/musikverein-istein.de\/?page_id=118"},"modified":"2018-05-25T14:39:24","modified_gmt":"2018-05-25T12:39:24","slug":"bildermedien","status":"publish","type":"page","link":"https:\/\/musikverein-istein.de\/?page_id=118","title":{"rendered":"Bilder\/Medien"},"content":{"rendered":"<p>Hier geht\u00b4s zu Bildern und Schnappsch\u00fcssen von unseren Veranstaltungen, Auftritten und Ausfl\u00fcgen. Viel Spa\u00df beim st\u00f6bern.<\/p>\n<p>Mit dem klick auf die u.g. links verlassen Sie die Homepage des &#8222;Musikverein Istein&#8220;. Mit dem klick darauf erkl\u00e4ren sie sich damit einverstanden.<\/p>\n<p>Galerien:<\/p>\n<ul>\n<li><a href=\"https:\/\/photos.app.goo.gl\/NK1iyx09A216ZiP62\" target=\"_blank\" rel=\"noopener\">Ausflug ans Kreismusikfest nach AITRACH<\/a><\/li>\n<li><a href=\"https:\/\/photos.app.goo.gl\/z2KbOqTLZCD4DK552\" target=\"_blank\" rel=\"noopener\">Vereinsbilder 2016<\/a><\/li>\n<\/ul>\n<p>&nbsp;<\/p>\n","protected":false},"excerpt":{"rendered":"<p>Hier geht\u00b4s zu Bildern und Schnappsch\u00fcssen von unseren Veranstaltungen, Auftritten und Ausfl\u00fcgen. Viel Spa\u00df beim st\u00f6bern. Mit dem klick auf die u.g. links verlassen Sie die Homepage des &#8222;Musikverein Istein&#8220;. Mit dem klick darauf erkl\u00e4ren sie sich damit einverstanden. Galerien: &hellip; <a href=\"https:\/\/musikverein-istein.de\/?page_id=118\">Weiterlesen <span class=\"meta-nav\">&rarr;<\/span><\/a><\/p>\n","protected":false},"author":1,"featured_media":0,"parent":0,"menu_order":2,"comment_status":"closed","ping_status":"closed","template":"","meta":{"footnotes":""},"class_list":["post-118","page","type-page","status-publish","hentry"],"_links":{"self":[{"href":"https:\/\/musikverein-istein.de\/index.php?rest_route=\/wp\/v2\/pages\/118","targetHints":{"allow":["GET"]}}],"collection":[{"href":"https:\/\/musikverein-istein.de\/index.php?rest_route=\/wp\/v2\/pages"}],"about":[{"href":"https:\/\/musikverein-istein.de\/index.php?rest_route=\/wp\/v2\/types\/page"}],"author":[{"embeddable":true,"href":"https:\/\/musikverein-istein.de\/index.php?rest_route=\/wp\/v2\/users\/1"}],"replies":[{"embeddable":true,"href":"https:\/\/musikverein-istein.de\/index.php?rest_route=%2Fwp%2Fv2%2Fcomments&post=118"}],"version-history":[{"count":10,"href":"https:\/\/musikverein-istein.de\/index.php?rest_route=\/wp\/v2\/pages\/118\/revisions"}],"predecessor-version":[{"id":306,"href":"https:\/\/musikverein-istein.de\/index.php?rest_route=\/wp\/v2\/pages\/118\/revisions\/306"}],"wp:attachment":[{"href":"https:\/\/musikverein-istein.de\/index.php?rest_route=%2Fwp%2Fv2%2Fmedia&parent=118"}],"curies":[{"name":"wp","href":"https:\/\/api.w.org\/{rel}","templated":true}]}}