{"id":103,"date":"2017-01-25T11:51:16","date_gmt":"2017-01-25T10:51:16","guid":{"rendered":"http:\/\/musikverein-istein.de\/?page_id=103"},"modified":"2025-04-25T15:53:07","modified_gmt":"2025-04-25T13:53:07","slug":"geschichte","status":"publish","type":"page","link":"https:\/\/musikverein-istein.de\/?page_id=103","title":{"rendered":"Geschichte"},"content":{"rendered":"\n<p><span style=\"font-family: Tahoma;\"><b>Hier finden Sie einige Infos zur Geschichte des Musikverein Istein.<br><\/b><span style=\"font-size: small;\">Jeweils in tabellarischer Ansicht eine Gesamt\u00fcbersicht sowie eine \u00dcbersicht \u00fcber die bisherigen Vorst\u00e4nde des Vereins. <\/span> <\/span> <span style=\"font-family: Tahoma; font-size: small;\"><br>Im Jahre 2008 konnten wir unser 100j\u00e4hriges Jubil\u00e4um feiern. Doch wir haben noch viel vor.<\/span><\/p>\n\n\n\n<p>Gr\u00fcndungsjahr 1908 (19.01.1908)<br>Gr\u00fcndungsmitglieder &#8222;Ludwig Rabus<br>Nepomuk Bollinger<br>Edwin Br\u00e4ndlin<br>Emil Br\u00e4ndlin<br>Hermann Br\u00e4ndlin<br>Paul Br\u00e4ndlin<br>Robert Els\u00e4sser<br>Alois Martin<br>Hugo Weber<br>Willi Wunderlin (Sternen)<br>Albert Arvasi<br>Fritz Flury<br>Thomas Flury&#8220;<br>1909 Patenschaft mit MV Sierentz<br>1919 Neubeginn nach 1. Weltkrieg &#8211;&nbsp; 4 Musiker sind gefallen<br>1926 erste Fahne wird eingeweiht<br>1933 Anschaffung der ersten Uniform<br>1947 Neubeginn nach 2. Weltkrieg \u2013 7 Musiker sind gefallen<br>1952 Anschaffung der zweiten Uniform<br>1956 Tanzboden wurde in Eigenleistung erstellt<br>1957 50 j\u00e4hriges Jubil\u00e4umsfest<br>1958 Erstellung eines Schopfes f\u00fcr den Tanzboden&nbsp;und erstes CHILBI FEST<br>1958 erster Kontakt mit Sierentz nach dem 2.Weltkrieg<br>1958 Festzelt wurde in Eigenleistung zusammen&nbsp;mit dem Gesangverein erstellt<br>1961 Anschaffung der dritten Uniform<br>1968 alter Festplatz wird Baugebiet &#8211; Bau Vereinsheim zusammen mit Sport- und Gesangverein<br>1969 Vereinsheim und neuer Festplatz fertig gestellt<br>1971 &#8222;Ausflug nach Innsbruck.<br>Goldene Verbandsehrennadel f\u00fcr Josef Ruch (40 Jahre aktiv) &nbsp;&#8222;<br>1972 &#8222;Anschaffung der vierten Uniform erstes CHLIMSEFEST.&nbsp;<br>die ersten M\u00e4dchen werden als Aktivmitglieder aufgenommen (!)&#8220;<br>1975 Wechsel des Probelokals. Umzug vom \u201eSternen\u201c&nbsp;ins neue Gemeindezentrum<br>1976 Goldene Verbandsehrennadel f\u00fcr Karl Trimpin (40 Jahre aktiv)<br>1979 &#8222;Ausflug nach M\u00fcnchen.<br>Gr\u00fcndung \u201eCHLOTZE ECHO\u201c&#8220;<br>1980 Ausflug Erlenbach \/CH<br>1982 75j\u00e4hriges Jubil\u00e4um<br>1983 Ausflug Sch\u00f6nried \/CH<br>1984 mit Hedwig Stein wird die erste Frau zum Ehrenmitglied ernannt<br>1985 Ausflug Koblenz\/R\u00fcdesheim<br>1986 Goldene Verbandehrennadel&nbsp;f\u00fcr Robert (Robbi) Schmid &#8211; 40 Jahre aktiv&nbsp;&nbsp;&nbsp;&nbsp;&nbsp;<br>1987 Ausflug Zugersee<br>1988 Goldene Verbandsehrennadel&nbsp;f\u00fcr Walter Schmid\u2013 40 Jahre F\u00e4hnrich<br>1988 Gro\u00dfe Goldene Ehrennadel des Verbandes f\u00fcr Bruno Mouttet\u2013 50 Jahre aktiv<br>1988 Anschaffung f\u00fcnfte Uniform<br>1989 850 Jahr Feier und Chlimsefest<br>1990 Ausflug Heidelberg<br>1991 Goldene Verbandsehrennadel&nbsp;f\u00fcr Eduard (Edi) Wunderlin \u2013 40 Jahre aktiv<br>1992 Gr\u00fcndung&nbsp; \u201eF\u00d6RDERVEREIN DES MUSIKVEREINS ISTEIN e.V.\u201c<br>1993 erstes Adventssingen in der Kirche<br>1994 1. Probenwochenende \/ Trainingslager f\u00fcr das Jahreskonzert auf dem Zeller Blauen<br>1996 Probentagwechsel von Freitag auf Dienstag<br>1997 Gro\u00dfe Goldene Ehrennadel des Verbandes&nbsp;f\u00fcr Willi Jourdan &#8211; 50 Jahre&nbsp; aktiv<br>1998 Fertigstellung des neuen Lager\/Schankraumes&nbsp;und erste Chilbi in den neuen R\u00e4umen\/Festplatz<br>1998 Teilnahme am Wertungsspielen in Haagen<br>1998 Erstes Blumenkonzert anl. 90j\u00e4hr. Jubil\u00e4um<br>1998 Erster Theaterabend mit der Theatergruppe MV Sierentz<br>1999 &#8222;Ausflug nach Pr\u00fcm\/Eifel.<br>Goldene Verbandsehrennadel&nbsp;f\u00fcr Dieter Schillinger &#8211; 40 Jahre aktiv&#8220;<br>1999 Gr\u00fcndung Jugendmusik Istein<br>2000 erstes Herbstfest wird abgehalten als \u201eSUURCHRUDD-F\u00c4SCHT\u201c<br>2002 Eduard Wunderlin wird mit der Gro\u00dfen Goldenen Ehrennadel f\u00fcr 50-j\u00e4hrige aktive T\u00e4tigkeit vom BDB geehrt<br>2003 erstes Kirchenkonzert in der Kirche St. Michael; Jahreskonzerttermin ist nun immer eine Woche vor Ostern<br>2005 &#8222;Michael Schittenhelm und Roland Schr\u00f6der werden mit der Goldenen Ehrennadel des BDB f\u00fcr 40. j\u00e4hrige aktive T\u00e4tigkeit geehrt.<br>Martina Reinauer wird als erste Frau im MVI mit der Silbernen Ehrennadel f\u00fcr 25. j\u00e4hrige aktive T\u00e4tigkeit vom BDB geehrt.&#8220;<br>2006 Roland Schr\u00f6der wurde mit der Landesehrennadel f\u00fcr ehrenamtliche T\u00e4tigkeit durch den Ministerpr\u00e4sidenten Oettinger.<br>2006 Thomas Schmid wird j\u00fcngster Vorstand der Vereinsgeschichte (23 Jahre).<br>2006 Das Jugendorchester Efringen-Kirchen \/ Istein veranstaltet seine erste eigene Jahresfeier in der Festhalle Istein.<br>2006 Einf\u00fchrung eines internen Workshops.<br>2007 Ausflug in die Vogesen. Feste Mutzig, Hoch K\u00f6nigsburg, Fermebesuch<br>2008 Der MVI feiert sein 100j\u00e4hriges Jubil\u00e4um. Bei vielen verschiedenen Anl\u00e4ssen feiert man diese sch\u00f6ne Ereignis.<br>2008 Dieter Schillinger wird mit der Gro\u00dfen Goldenen Ehrennadel f\u00fcr 50- j\u00e4hrige aktive T\u00e4tigkeit vom BDB geehrt.<br>2008 Der Musikverein installiert zusammen mit der Musikschule Markgr\u00e4flerland und der Grundschule Istein eine Bl\u00e4serklasse innerhalb&nbsp; der Grundschule. Beginn November 2008.&nbsp;<br>2008 Der MVI bekommt im Rahmen des Festaktes zum Jubil\u00e4um die Pro Musica Plakette \u00fcberreicht. Diese kommt direkt vom Bundespr\u00e4sidenten und wurde stellvertretend von Landrat Walter Schneider \u00fcberreicht.<br>2010 An der Generalversammlung wird die Satzung ge\u00e4ndert. Die Vorstandschaft wurde umgebaut. z.B. wurde das Amt des Orchestervorstands neu geschaffen.<br>2010 Auf dem Dach des Laschabau wird eine Photovoltaikanlage errichtet.<br>2012 Peter Janke wird f\u00fcr 40j\u00e4hrige aktive Mitgliedschaft an der Jahresfeier geehrt.<br>2012 Nach der Pause durch das Jubil\u00e4um in 2008 ist man bei der elften Auflage des Chlimsefestes wieder dabei. Zusammen mit dem Kirchenchor betrieb man die Viterai-Laube bei der Kirche, errichtete einen Tanzboden vor dem Kircheneingang und verw\u00f6hnte die G\u00e4ste mit Wein und Sekt vor dem Brunnen auf dem Pulschterstuhl. Das Fest \u00fcbertraf alle Erwartungen.<br>2012 Bereits das 10te Kirchenkonzert fand statt. Mit einem Streifzug durch die vergangenen Programme feierte man das kleine Jubil\u00e4um<br>2012 Am Kirchenkonzert konnte die 5te Uniform der MVI Geschichte der \u00d6ffentlichkeit pr\u00e4sentiert werden. Bei dieser Gelegenheit wurde sie auch gleich von Pfarrer Dorbath geweiht.<br>2013 Im Januar 2013 wurde der gro\u00dfe Raum im Laschabau renoviert. Die Decke wurde fertig gestellt und im Werkbankbereich wurde ein kleiner Raum abgetrennt.<br>2013 Am Jahreskonzert wird Stephan Jourdan mit der goldenen Ehrennadel des BDB f\u00fcr 40j\u00e4hrige aktive Mitgliedschaft geehrt.<br>2013 Im Juni h\u00e4lt man erstmals ein Sommerfest auf dem Festplatz ab. Es soll DAS neue Fest im Vereinsjahr werden. Der erste Durchlauf war gut. Lediglich das Wetter war nicht optimal am Samstagabend.<br>2013 &#8222;Ein Ausflug f\u00fcrhte uns ins Allg\u00e4u zu unseren Freunde aus Treherz. Auf dem Hinweg besuchte man eine K\u00e4serei, es ging zum Abendessen und danach ans Musikfest in Reichenhofen zur Party mit der Band &#8222;&#8220;Waidigel&#8220;&#8220;.<br>Highlight des Ausfluges war die Teilnahme am Gesamtspiel und Festumzug am Sonntag mit anschlie\u00dfendem Fahneneinmarsch im vollbesetzten 4000-Mann Zelt. &#8222;<br>2014 Ottmar Trimpin wird am Jahreskonzert mit der gro\u00dfen goldenen Ehrennadel des BDB f\u00fcr 50j\u00e4hrige aktive Mitgliedschaft geehrt.<br>2015 Michael Schittenhelm und Roland Schr\u00f6der werden am Jahreskonzert mit der gro\u00dfen Goldenen Ehrennadel des BDB f\u00fcr 50j\u00e4hrige aktive Mitgliedschaft geehrt.<br>2016 Das Jahr 2016 wird als das Strauss-Jahr in die Geschichte eingehen. Thematisiert am Jahreskonzert begleiteten uns die Kompositionen das ganze Jahr hindurch bis hin zum Neujahrskonzert in Steinbrunn Le Bas Anfang 2017. F\u00fcrs erste reichts \ud83d\ude42<br>2016 Der Musikverein erh\u00e4lt einen eigenen Anh\u00e4nger finanziert durch etliche Sponsoren aus der Ortschaft Istein, der Gemeinde Efringen-Kirchen und dar\u00fcber hinaus.<br>2017 Michael Schittenhelm erhielt am Neujahrsempfang der Gemeinde Efringen-Kirchen die Landesehrennadel f\u00fcr seine langj\u00e4hrige ehrenamtliche T\u00e4tigkeit.<br>2017 Widerum f\u00fchrt uns ein Ausflug ins Allg\u00e4u. Diesmal ans Musikfest in Aitrach. Auf dem Hinweg gab es eine Brauereif\u00fchrung bei H\u00e4rle, abends den Besuch am Musikfest und am Sonntag wieder die Teilnahme am Gesamtspiel und am Festumzug bei tropischen Temperaturen.<br>2018 Ralf Kaiser erh\u00e4lt am Jahreskonzert 2018 die goldene Ehrennadel des AMV f\u00fcr 40 Jahre aktives Musizieren (1 Jahr versp\u00e4tet)2017<br>2020 Anna R\u00fchl, Stefanie Oehlbach und Thomas Schmid erhalten am Jahreskonzert 2020 die silberne Verbandsehrennadel des AMV f\u00fcr 25 Jahre aktives Musizieren.<br>2021 &#8222;Nach dem die Schulbezirke innerhalb der Gemeinde ver\u00e4ndert wurden, hatten wir eine Bl\u00e4serklasse mehr. 2021 hat man wieder den Entschluss gefasst das tolle Projekt widerzubeleben.<br>Diesmal abgekoppelt von der Schule aber wieder unter der leitung von Wolfgang Wetzel. &#8222;<br>2023 &#8222;Die Bl\u00e4serklasse f\u00fcr Erwachsene startete am Dienstag 28.02.2023. Ein Mal w\u00f6chentlich treffen sich hier Erwachsene die &#8222;&#8220;neu&#8220;&#8220; ein Instrument lernen oder fr\u00fcher schon mal eins gespielt haben.<br>Ein erster Auftritt fand am Platzkonzert 2023 statt unter dem Namen &#8222;&#8220;Neu im Takt&#8220;&#8220;.&#8220;<br>2023 &#8222;Unsere Freundes des Musikverein Treherz haben uns zu einem Doppelkonzert eingeladen. Gerne sind wir der Einladung gefolgt. Der Ausflug wurde abenteuerlich als auf der Hinfahrt (es war Anfang Dezember) sehr starker Schneefall die Fahrt im Bus etwas behinderte.<br>Mit einiger Verz\u00f6gerungen und ein paar Umst\u00e4nden gealngten wir allerdings unbeschadet an die Unterkunft, dann zum Mittagessen und mit nur etwas Versp\u00e4tung an den Konzertsaal. Es war ein sehr sch\u00f6ner Abend mit anschlie\u00dfender Feier mit den Treherzer Musikanten. Am darauf folgenden Tag erlebten wir eine traumhaften Winterkulisse und auf der Heimfahrt einen sch\u00f6nen Besuch auf der Weihnachtsmarkt in Lindau. ein tolles Wochenende. &#8222;<br>2021 Birger St\u00e4chele, J\u00f6rg Hofmann und Ingo Vollmer erhalten am Jahreskonzert 2021 die goldene Ehrennadel des BDB f\u00fcr 40 Jahre aktives Musizieren.<br>2024 Stephan Jourdan erh\u00e4lt am Jahreskonzert 2024 die gro\u00dfe Goldene Ehrennadel des BDB f\u00fcr 50 Jahre aktives Musizieren.<br>2025 Thomas Klinke erh\u00e4t am Jahrekonzert 2025 die silberne Ehrennadel des AMV f\u00fcr 25 Jahre aktives Musizieren.<br>2025 Michael Schittenhelm und Roland Schr\u00f6der erhalten am Jahreskonzert 2025 die Ehrennadel in Gold mit Diamant und Urkunde f\u00fcr 60(!!!) Jahre aktives Musizieren.<\/p>\n\n\n\n<p><\/p>\n\n\n\n<p><\/p>\n","protected":false},"excerpt":{"rendered":"<p>Hier finden Sie einige Infos zur Geschichte des Musikverein Istein.Jeweils in tabellarischer Ansicht eine Gesamt\u00fcbersicht sowie eine \u00dcbersicht \u00fcber die bisherigen Vorst\u00e4nde des Vereins. Im Jahre 2008 konnten wir unser 100j\u00e4hriges Jubil\u00e4um feiern. Doch wir haben noch viel vor. Gr\u00fcndungsjahr &hellip; <a href=\"https:\/\/musikverein-istein.de\/?page_id=103\">Weiterlesen <span class=\"meta-nav\">&rarr;<\/span><\/a><\/p>\n","protected":false},"author":1,"featured_media":0,"parent":0,"menu_order":5,"comment_status":"closed","ping_status":"closed","template":"","meta":{"footnotes":""},"class_list":["post-103","page","type-page","status-publish","hentry"],"_links":{"self":[{"href":"https:\/\/musikverein-istein.de\/index.php?rest_route=\/wp\/v2\/pages\/103","targetHints":{"allow":["GET"]}}],"collection":[{"href":"https:\/\/musikverein-istein.de\/index.php?rest_route=\/wp\/v2\/pages"}],"about":[{"href":"https:\/\/musikverein-istein.de\/index.php?rest_route=\/wp\/v2\/types\/page"}],"author":[{"embeddable":true,"href":"https:\/\/musikverein-istein.de\/index.php?rest_route=\/wp\/v2\/users\/1"}],"replies":[{"embeddable":true,"href":"https:\/\/musikverein-istein.de\/index.php?rest_route=%2Fwp%2Fv2%2Fcomments&post=103"}],"version-history":[{"count":7,"href":"https:\/\/musikverein-istein.de\/index.php?rest_route=\/wp\/v2\/pages\/103\/revisions"}],"predecessor-version":[{"id":891,"href":"https:\/\/musikverein-istein.de\/index.php?rest_route=\/wp\/v2\/pages\/103\/revisions\/891"}],"wp:attachment":[{"href":"https:\/\/musikverein-istein.de\/index.php?rest_route=%2Fwp%2Fv2%2Fmedia&parent=103"}],"curies":[{"name":"wp","href":"https:\/\/api.w.org\/{rel}","templated":true}]}}

<p><span style="font-family: Tahoma;"><b>Hier finden Sie einige Infos zur Geschichte des Musikverein Istein.<br></b><span style="font-size: small;">Jeweils in tabellarischer Ansicht eine Gesamtübersicht sowie eine Übersicht über die bisherigen Vorstände des Vereins. </span> </span> <span style="font-family: Tahoma; font-size: small;"><br>Im Jahre 2008 konnten wir unser 100jähriges Jubiläum feiern. Doch wir haben noch viel vor.</span></p>



<p>Gründungsjahr 1908 (19.01.1908)<br>Gründungsmitglieder &#8222;Ludwig Rabus<br>Nepomuk Bollinger<br>Edwin Brändlin<br>Emil Brändlin<br>Hermann Brändlin<br>Paul Brändlin<br>Robert Elsässer<br>Alois Martin<br>Hugo Weber<br>Willi Wunderlin (Sternen)<br>Albert Arvasi<br>Fritz Flury<br>Thomas Flury&#8220;<br>1909 Patenschaft mit MV Sierentz<br>1919 Neubeginn nach 1. Weltkrieg &#8211;&nbsp; 4 Musiker sind gefallen<br>1926 erste Fahne wird eingeweiht<br>1933 Anschaffung der ersten Uniform<br>1947 Neubeginn nach 2. Weltkrieg – 7 Musiker sind gefallen<br>1952 Anschaffung der zweiten Uniform<br>1956 Tanzboden wurde in Eigenleistung erstellt<br>1957 50 jähriges Jubiläumsfest<br>1958 Erstellung eines Schopfes für den Tanzboden&nbsp;und erstes CHILBI FEST<br>1958 erster Kontakt mit Sierentz nach dem 2.Weltkrieg<br>1958 Festzelt wurde in Eigenleistung zusammen&nbsp;mit dem Gesangverein erstellt<br>1961 Anschaffung der dritten Uniform<br>1968 alter Festplatz wird Baugebiet &#8211; Bau Vereinsheim zusammen mit Sport- und Gesangverein<br>1969 Vereinsheim und neuer Festplatz fertig gestellt<br>1971 &#8222;Ausflug nach Innsbruck.<br>Goldene Verbandsehrennadel für Josef Ruch (40 Jahre aktiv) &nbsp;&#8222;<br>1972 &#8222;Anschaffung der vierten Uniform erstes CHLIMSEFEST.&nbsp;<br>die ersten Mädchen werden als Aktivmitglieder aufgenommen (!)&#8220;<br>1975 Wechsel des Probelokals. Umzug vom „Sternen“&nbsp;ins neue Gemeindezentrum<br>1976 Goldene Verbandsehrennadel für Karl Trimpin (40 Jahre aktiv)<br>1979 &#8222;Ausflug nach München.<br>Gründung „CHLOTZE ECHO“&#8220;<br>1980 Ausflug Erlenbach /CH<br>1982 75jähriges Jubiläum<br>1983 Ausflug Schönried /CH<br>1984 mit Hedwig Stein wird die erste Frau zum Ehrenmitglied ernannt<br>1985 Ausflug Koblenz/Rüdesheim<br>1986 Goldene Verbandehrennadel&nbsp;für Robert (Robbi) Schmid &#8211; 40 Jahre aktiv&nbsp;&nbsp;&nbsp;&nbsp;&nbsp;<br>1987 Ausflug Zugersee<br>1988 Goldene Verbandsehrennadel&nbsp;für Walter Schmid– 40 Jahre Fähnrich<br>1988 Große Goldene Ehrennadel des Verbandes für Bruno Mouttet– 50 Jahre aktiv<br>1988 Anschaffung fünfte Uniform<br>1989 850 Jahr Feier und Chlimsefest<br>1990 Ausflug Heidelberg<br>1991 Goldene Verbandsehrennadel&nbsp;für Eduard (Edi) Wunderlin – 40 Jahre aktiv<br>1992 Gründung&nbsp; „FÖRDERVEREIN DES MUSIKVEREINS ISTEIN e.V.“<br>1993 erstes Adventssingen in der Kirche<br>1994 1. Probenwochenende / Trainingslager für das Jahreskonzert auf dem Zeller Blauen<br>1996 Probentagwechsel von Freitag auf Dienstag<br>1997 Große Goldene Ehrennadel des Verbandes&nbsp;für Willi Jourdan &#8211; 50 Jahre&nbsp; aktiv<br>1998 Fertigstellung des neuen Lager/Schankraumes&nbsp;und erste Chilbi in den neuen Räumen/Festplatz<br>1998 Teilnahme am Wertungsspielen in Haagen<br>1998 Erstes Blumenkonzert anl. 90jähr. Jubiläum<br>1998 Erster Theaterabend mit der Theatergruppe MV Sierentz<br>1999 &#8222;Ausflug nach Prüm/Eifel.<br>Goldene Verbandsehrennadel&nbsp;für Dieter Schillinger &#8211; 40 Jahre aktiv&#8220;<br>1999 Gründung Jugendmusik Istein<br>2000 erstes Herbstfest wird abgehalten als „SUURCHRUDD-FÄSCHT“<br>2002 Eduard Wunderlin wird mit der Großen Goldenen Ehrennadel für 50-jährige aktive Tätigkeit vom BDB geehrt<br>2003 erstes Kirchenkonzert in der Kirche St. Michael; Jahreskonzerttermin ist nun immer eine Woche vor Ostern<br>2005 &#8222;Michael Schittenhelm und Roland Schröder werden mit der Goldenen Ehrennadel des BDB für 40. jährige aktive Tätigkeit geehrt.<br>Martina Reinauer wird als erste Frau im MVI mit der Silbernen Ehrennadel für 25. jährige aktive Tätigkeit vom BDB geehrt.&#8220;<br>2006 Roland Schröder wurde mit der Landesehrennadel für ehrenamtliche Tätigkeit durch den Ministerpräsidenten Oettinger.<br>2006 Thomas Schmid wird jüngster Vorstand der Vereinsgeschichte (23 Jahre).<br>2006 Das Jugendorchester Efringen-Kirchen / Istein veranstaltet seine erste eigene Jahresfeier in der Festhalle Istein.<br>2006 Einführung eines internen Workshops.<br>2007 Ausflug in die Vogesen. Feste Mutzig, Hoch Königsburg, Fermebesuch<br>2008 Der MVI feiert sein 100jähriges Jubiläum. Bei vielen verschiedenen Anlässen feiert man diese schöne Ereignis.<br>2008 Dieter Schillinger wird mit der Großen Goldenen Ehrennadel für 50- jährige aktive Tätigkeit vom BDB geehrt.<br>2008 Der Musikverein installiert zusammen mit der Musikschule Markgräflerland und der Grundschule Istein eine Bläserklasse innerhalb&nbsp; der Grundschule. Beginn November 2008.&nbsp;<br>2008 Der MVI bekommt im Rahmen des Festaktes zum Jubiläum die Pro Musica Plakette überreicht. Diese kommt direkt vom Bundespräsidenten und wurde stellvertretend von Landrat Walter Schneider überreicht.<br>2010 An der Generalversammlung wird die Satzung geändert. Die Vorstandschaft wurde umgebaut. z.B. wurde das Amt des Orchestervorstands neu geschaffen.<br>2010 Auf dem Dach des Laschabau wird eine Photovoltaikanlage errichtet.<br>2012 Peter Janke wird für 40jährige aktive Mitgliedschaft an der Jahresfeier geehrt.<br>2012 Nach der Pause durch das Jubiläum in 2008 ist man bei der elften Auflage des Chlimsefestes wieder dabei. Zusammen mit dem Kirchenchor betrieb man die Viterai-Laube bei der Kirche, errichtete einen Tanzboden vor dem Kircheneingang und verwöhnte die Gäste mit Wein und Sekt vor dem Brunnen auf dem Pulschterstuhl. Das Fest übertraf alle Erwartungen.<br>2012 Bereits das 10te Kirchenkonzert fand statt. Mit einem Streifzug durch die vergangenen Programme feierte man das kleine Jubiläum<br>2012 Am Kirchenkonzert konnte die 5te Uniform der MVI Geschichte der Öffentlichkeit präsentiert werden. Bei dieser Gelegenheit wurde sie auch gleich von Pfarrer Dorbath geweiht.<br>2013 Im Januar 2013 wurde der große Raum im Laschabau renoviert. Die Decke wurde fertig gestellt und im Werkbankbereich wurde ein kleiner Raum abgetrennt.<br>2013 Am Jahreskonzert wird Stephan Jourdan mit der goldenen Ehrennadel des BDB für 40jährige aktive Mitgliedschaft geehrt.<br>2013 Im Juni hält man erstmals ein Sommerfest auf dem Festplatz ab. Es soll DAS neue Fest im Vereinsjahr werden. Der erste Durchlauf war gut. Lediglich das Wetter war nicht optimal am Samstagabend.<br>2013 &#8222;Ein Ausflug fürhte uns ins Allgäu zu unseren Freunde aus Treherz. Auf dem Hinweg besuchte man eine Käserei, es ging zum Abendessen und danach ans Musikfest in Reichenhofen zur Party mit der Band &#8222;&#8220;Waidigel&#8220;&#8220;.<br>Highlight des Ausfluges war die Teilnahme am Gesamtspiel und Festumzug am Sonntag mit anschließendem Fahneneinmarsch im vollbesetzten 4000-Mann Zelt. &#8222;<br>2014 Ottmar Trimpin wird am Jahreskonzert mit der großen goldenen Ehrennadel des BDB für 50jährige aktive Mitgliedschaft geehrt.<br>2015 Michael Schittenhelm und Roland Schröder werden am Jahreskonzert mit der großen Goldenen Ehrennadel des BDB für 50jährige aktive Mitgliedschaft geehrt.<br>2016 Das Jahr 2016 wird als das Strauss-Jahr in die Geschichte eingehen. Thematisiert am Jahreskonzert begleiteten uns die Kompositionen das ganze Jahr hindurch bis hin zum Neujahrskonzert in Steinbrunn Le Bas Anfang 2017. Fürs erste reichts 🙂<br>2016 Der Musikverein erhält einen eigenen Anhänger finanziert durch etliche Sponsoren aus der Ortschaft Istein, der Gemeinde Efringen-Kirchen und darüber hinaus.<br>2017 Michael Schittenhelm erhielt am Neujahrsempfang der Gemeinde Efringen-Kirchen die Landesehrennadel für seine langjährige ehrenamtliche Tätigkeit.<br>2017 Widerum führt uns ein Ausflug ins Allgäu. Diesmal ans Musikfest in Aitrach. Auf dem Hinweg gab es eine Brauereiführung bei Härle, abends den Besuch am Musikfest und am Sonntag wieder die Teilnahme am Gesamtspiel und am Festumzug bei tropischen Temperaturen.<br>2018 Ralf Kaiser erhält am Jahreskonzert 2018 die goldene Ehrennadel des AMV für 40 Jahre aktives Musizieren (1 Jahr verspätet)2017<br>2020 Anna Rühl, Stefanie Oehlbach und Thomas Schmid erhalten am Jahreskonzert 2020 die silberne Verbandsehrennadel des AMV für 25 Jahre aktives Musizieren.<br>2021 &#8222;Nach dem die Schulbezirke innerhalb der Gemeinde verändert wurden, hatten wir eine Bläserklasse mehr. 2021 hat man wieder den Entschluss gefasst das tolle Projekt widerzubeleben.<br>Diesmal abgekoppelt von der Schule aber wieder unter der leitung von Wolfgang Wetzel. &#8222;<br>2023 &#8222;Die Bläserklasse für Erwachsene startete am Dienstag 28.02.2023. Ein Mal wöchentlich treffen sich hier Erwachsene die &#8222;&#8220;neu&#8220;&#8220; ein Instrument lernen oder früher schon mal eins gespielt haben.<br>Ein erster Auftritt fand am Platzkonzert 2023 statt unter dem Namen &#8222;&#8220;Neu im Takt&#8220;&#8220;.&#8220;<br>2023 &#8222;Unsere Freundes des Musikverein Treherz haben uns zu einem Doppelkonzert eingeladen. Gerne sind wir der Einladung gefolgt. Der Ausflug wurde abenteuerlich als auf der Hinfahrt (es war Anfang Dezember) sehr starker Schneefall die Fahrt im Bus etwas behinderte.<br>Mit einiger Verzögerungen und ein paar Umständen gealngten wir allerdings unbeschadet an die Unterkunft, dann zum Mittagessen und mit nur etwas Verspätung an den Konzertsaal. Es war ein sehr schöner Abend mit anschließender Feier mit den Treherzer Musikanten. Am darauf folgenden Tag erlebten wir eine traumhaften Winterkulisse und auf der Heimfahrt einen schönen Besuch auf der Weihnachtsmarkt in Lindau. ein tolles Wochenende. &#8222;<br>2021 Birger Stächele, Jörg Hofmann und Ingo Vollmer erhalten am Jahreskonzert 2021 die goldene Ehrennadel des BDB für 40 Jahre aktives Musizieren.<br>2024 Stephan Jourdan erhält am Jahreskonzert 2024 die große Goldene Ehrennadel des BDB für 50 Jahre aktives Musizieren.<br>2025 Thomas Klinke erhät am Jahrekonzert 2025 die silberne Ehrennadel des AMV für 25 Jahre aktives Musizieren.<br>2025 Michael Schittenhelm und Roland Schröder erhalten am Jahreskonzert 2025 die Ehrennadel in Gold mit Diamant und Urkunde für 60(!!!) Jahre aktives Musizieren.</p>



<p></p>



<p></p>

<p>Hier finden Sie einige Infos zur Geschichte des Musikverein Istein.Jeweils in tabellarischer Ansicht eine Gesamtübersicht sowie eine Übersicht über die bisherigen Vorstände des Vereins. Im Jahre 2008 konnten wir unser 100jähriges Jubiläum feiern. Doch wir haben noch viel vor. Gründungsjahr &hellip; <a href="https://musikverein-istein.de/?page_id=103">Weiterlesen <span class="meta-nav">&rarr;</span></a></p>
